) = 3*v - 3. Let c(b) = -2*i(b) + 3*p(b). What is c(1)?
4
Let d(x) = 2*x + 13. Suppose -4 = 3*s + 14. Let w be d(s). Let m(r) = 4*r + 1. Give m(w).
5
Let z(h) = 9*h + 71. Let n(l) = 3*l + 25. Let d(f) = 17*n(f) - 6*z(f). Determine d(2).
-7
Let u(p) = p - 5. Let t(b) = 4*b - 1. Let c(m) = 3*t(m) - u(m). Calculate c(1).
13
Suppose p - 6 + 4 = 0. Let z(n) = 76 - 80 + n + 4*n - p*n**2. Give z(3).
-7
Let v(l) = -10*l - 11. Let a(o) = 12*o + 11. Let c(g) = -4*a(g) - 5*v(g). Let x be c(-5). Let f(q) = -9*q**3 + 2*q - 1. Calculate f(x).
-8
Let f(h) = 23*h + 29*h + 31 - 68*h + 18*h. What is f(-20)?
-9
Let m(d) = -d**2 - 6*d - 6. Suppose -2*u = 3*z - 2, -6*u - 2*z + 8 = -3*u. Let g be 2/(u/126*-3). Let p be 30/(-7) - 6/g. Determine m(p).
2
Let h(p) = -p**2 + 49. Let d be 0*(-2)/(-4)*(-56)/84. What is h(d)?
49
Let j(f) = -2*f**2 + 6*f - 75. Let t(v) = v**2 - v + 2. Let s(g) = j(g) + 3*t(g). Give s(7).
1
Let o(a) = -3*a**2 + 11 - a - a**2 + a**3 - 7*a + 3*a**2 - 8. Give o(3).
-3
Suppose -22 = 4*z - 8*l + 3*l, -5*z - 4*l - 7 = 0. Let o(i) = i**2 + 2*i. Calculate o(z).
3
Let w(h) = 11*h + h**2 + 7*h + 6 - 25*h. Let x be w(5). Let l(g) = 2*g**2 - g**2 + 3 + 2*g + 2*g. Give l(x).
3
Let w be (-2)/(-9 + 245/28). Let p(d) = d**2 - 14*d + 55. Determine p(w).
7
Let p(d) = -2*d**2 + d + 1. Suppose 8 = -23*n - 15. Calculate p(n).
-2
Let a(q) be the second derivative of -q**5/4 + q**4/6 + q**3/6 + q - 45. Determine a(-1).
6
Suppose 2*y = 3*y + 11*y. Let d(m) be the third derivative of -m**2 + y + 0*m + 1/2*m**3 - 1/24*m**4. Determine d(4).
-1
Let s(a) be the third derivative of -a**4/8 - 11*a**3/6 + 3*a**2 + 12*a. Calculate s(-10).
19
Let x(j) = -j**3 + j**2 - j + 2. Let f be x(0). Suppose -f*r + 0*r = 0. Suppose r = 2*p + 4*p. Let c(b) = -b**2 - 10. Determine c(p).
-10
Let v(q) = 0 + 0 + 7 + q**3 - 2*q**2 + 0*q**2 - 4. Give v(3).
12
Let f(t) be the third derivative of t**6/120 + t**5/10 - t**3 + t**2. Let b = 58 + -48. Let r be -12 + b + 2*-2. Determine f(r).
-6
Let f = 57 - 53. Suppose v + 4*l + 10 = 0, -f*l - 2 = 6. Let p(j) = -6*j**2 - 3*j - 3. Determine p(v).
-21
Suppose -2*g + 230 = 2*u, -3*g + 6*g - 345 = -2*u. Let y(j) = 4*j + j**3 - 2*j**3 - 4*j**2 + 119 - g. Calculate y(-4).
-12
Let i(l) = l**2 - 1. Let k(v) = -v**3 - 21*v**2 - 15*v - 4. Let p(b) = -6*i(b) - k(b). Determine p(-14).
-4
Let d(f) = f**3 + 2*f**2 - 3*f - 10. Let g be d(0). Let q(z) = z - 1. Calculate q(g).
-11
Let s(r) = -4*r**2 - 10*r**2 - 8*r + 21*r + 496*r**3 - 7 - 495*r**3. Give s(13).
-7
Let s(v) = -4*v**3 - v**2 - 3*v + 8. Let r(j) = 5*j**3 + j**2 + 2*j - 9. Let i(k) = 5*r(k) + 6*s(k). What is i(3)?
-3
Let s be (-2)/6 + (-20)/12. Let g(x) = 5*x**2 - 12*x - 20. Let j(c) = -3*c**2 + 6*c + 11. Let q(i) = -4*g(i) - 7*j(i). Calculate q(s).
-5
Suppose 4*j + 4*o - 6*o + 26 = 0, -j = -o + 4. Let k(w) = -w**2 - 10*w - 10. Give k(j).
-1
Let j(w) = 5*w. Let k be j(1). Suppose 2*z - 7*z - 29 = 2*f, -5*z - k*f = 35. Let v(x) = -4*x - 2*x + 8*x. Give v(z).
-10
Let n be ((-6)/(-4))/((18/24)/1). Let z(v) = 1 + n + 0 - 75*v + 73*v. Let l(u) = -u - 7. Let y be l(-4). What is z(y)?
9
Suppose 3*d = 4*t + 1, 4 = t - 3*d + 2. Let f(m) = 1 - 30*m + 11*m + 14*m. Determine f(t).
6
Let y(n) = n**2 - 13*n + 4. Let s = -2118 + 2127. Give y(s).
-32
Let g(v) = -16*v**2 + v. Suppose 241 = 5*q + 61. Let f = -35 + q. Determine g(f).
-15
Let z(m) = 5*m. Suppose 0 = p - 41 + 6. Let v be p/25 - (2 + 24/(-15)). Calculate z(v).
5
Let k(o) = 3*o**3 + 18*o**2 - 8*o + 11. Let q be 8/12*(-5 - 1)*-2. Let j(b) = b**3 + 6*b**2 - 3*b + 4. Let d(l) = q*j(l) - 3*k(l). What is d(-6)?
-1
Let v(y) = y**3 - 5*y**2 - 7*y + 9. Let x = -44 + 42. Let p be (-2 - (-4 + 2 - -3))*x. Calculate v(p).
3
Let y(i) = -7*i + 2*i + 4*i + 3. Suppose -12*n + 328 = 292. Calculate y(n).
0
Let p(w) = -2*w**2 - 12*w + 2. Let y be p(-6). Let g(o) = 9*o - 2. Calculate g(y).
16
Let t(l) be the second derivative of -l**3/3 - 9*l**2/2 - 72*l - 2. Determine t(-5).
1
Let t(y) = y**3 + y + 1. Let a = 23 - 4. Let j = a + -11. Let v = -8 + j. Calculate t(v).
1
Let f be 12 - (3/(-3) + -2). Let d = f + -10. Let z(c) = -2*c. Calculate z(d).
-10
Let t(h) = h**3 + 10*h**2 - 12*h + 2. Let r = -2264 - -2253. Calculate t(r).
13
Let m be 8/6*3/2. Let b(q) = -q**3 + 1 + 3*q - 7*q - 6 - m*q**2 + 7*q**2. Let k be 1/2*(72/6 + -4). Determine b(k).
-5
Let w(z) = 2 + 0*z - 1 - z**2 - 3 - 3*z. Let i be 3 + 1/(-3)*-3. Suppose -2*b - 2*b = 2*s + 2, i*b = -s + 1. Calculate w(s).
-2
Let r(m) = -m - 5 + 1 + 0*m - 2. What is r(-8)?
2
Let s(t) be the third derivative of -1/60*t**5 - 1/36*t**6 + 0*t - 4/3*t**3 - 4*t**2 - 1/24*t**4 + 0. Let o(a) be the first derivative of s(a). Determine o(-1).
-9
Let p(o) be the second derivative of -o**3/6 + 3*o**2/2 - 2*o + 105. Calculate p(0).
3
Let f(k) be the first derivative of 4 - 1/2*k**2 + 3*k. Determine f(3).
0
Let x(i) be the second derivative of i**3/6 - 2*i**2 - 243*i. Let v be (-7)/(-8)*2*4. Suppose v = -4*y + 5*y. Determine x(y).
3
Let f(n) = -2*n**2 - 3*n + 2. Let t(z) = z**2 + 16*z - 83. Let a be t(-20). What is f(a)?
-7
Let s(n) = -n**3 - 8*n**2 + 2*n + 5. Let w = -74 + 66. Calculate s(w).
-11
Let g = -4 + 9. Suppose 2*a = 0, 0 = g*r - a + 2*a. Let n(q) = -q + 3. Let u(x) = 1. Let l(m) = n(m) - 4*u(m). Determine l(r).
-1
Let s be ((-200)/75)/((-4)/54). Let z be 6/s + 93/(-18). Let w(j) = 2*j + 4. Give w(z).
-6
Suppose 0*a - 8 = -4*a. Suppose -3*x + 5*c = 0, 0 = 3*x + a*c - c. Suppose -5*y = x, -v + 20 = 3*v + 2*y. Let j(h) = -h**3 + 4*h**2 + 6*h + 1. Give j(v).
6
Let v be (6/(-4))/(12/(-40)). Suppose -5*k + 30 = j - 3*k, v*k - 55 = -2*j. Let l(n) = n + 0*n + j - 26. What is l(-7)?
7
Let z be (-30)/(-4) + 5/(-10). Let c(u) = -2 + 6*u + z*u**2 - 9*u**2 - 1. Let h be 14 + -13 - (0 - 3). Calculate c(h).
-11
Let f(j) = j**2 - 12*j - 8. Let p = 504 + -494. Give f(p).
-28
Let g(q) be the first derivative of -q**5/20 + 7*q**4/12 + q**3/3 - 2*q**2 + 12*q + 2. Let f(w) be the first derivative of g(w). Give f(7).
10
Suppose -5*g - 6 - 24 = 0. Let p be 26/91 - (-38)/14. Let m(l) = -2*l**2 + 64 - p*l**2 - l**3 + 8*l - 55. Calculate m(g).
-3
Let o(w) = -4*w**2 - 2. Let i(q) be the third derivative of 3/20*q**5 + 4*q**2 + 0 + 1/2*q**3 + 1/24*q**4 + 0*q. Let s(y) = 3*i(y) + 7*o(y). Determine s(4).
-9
Let c(z) = 3*z. Suppose -2*i - 4*k + 19 = -i, -i + 4*k + 11 = 0. Suppose 3*d + 0*p - 3*p - i = 0, 3*d - 5*p = 9. Let u = 7 - d. Determine c(u).
-3
Let t(f) = 9*f + 5. Let c(q) = -50*q - 26. Let j(n) = 2*c(n) + 11*t(n). Determine j(-5).
8
Let j = -168 - -172. Suppose 2*x = j*x. Let y(f) = -2*f**2. What is y(x)?
0
Let c(n) = -n + 14. Let i(s) = 3*s - 9. Let w be i(4). Let q be ((-1)/3)/(w/(-72)). Give c(q).
6
Let w = 11 + -10. Let u = 1 - w. Suppose 2*f - 5*q + q = u, -2*f - q = 5. Let v(z) = -z**2 + z + 1. Calculate v(f).
-5
Let i(j) = 13 + 8*j**2 + 11*j + 5 + 11 - 31. Let r(g) be the second derivative of g**4/3 + g**3 - g**2/2 + g. Let k(u) = 6*i(u) - 11*r(u). Give k(1).
3
Suppose 14*n + 6 = 6. Let x(q) be the third derivative of -q**4/24 - 2*q**3/3 + 2*q**2. Give x(n).
-4
Let p(n) = 2*n**2 + 1 - 3*n**2 - 6*n**3 - n**3. Suppose -2*m - 16 + 18 = 0. What is p(m)?
-7
Let l(u) be the third derivative of -5*u**4/8 + 43*u**3/6 + 170*u**2. What is l(3)?
-2
Let o be 1*(7 - 40/8)*-6. Let i(s) = -4*s - 42. What is i(o)?
6
Let y(o) = o**2 - 5*o. Let a(b) = -b + 13. Let n be a(10). Let s be -2*(-5 - (-3)/n). Let r = s - 3. Calculate y(r).
0
Let h(j) = -2*j + 3. Suppose -109 = -10*t - 39. Calculate h(t).
-11
Suppose -q + 50 = 9*q. Let v(p) = p**2 + 7*p + 3*p - 5 - q*p. Let g be ((-12)/14)/((-1)/(-7)). Determine v(g).
1
Let k(s) = -s + 3. Let w be k(-2). Let r be w*(18/(-10))/(-3). Suppose -j = -3*o - 11, -2*o = r*o + 20. Let n(h) = -3*h. Determine n(j).
3
Suppose -36 = -4*c + 4*r, 18*c - 16 = 14*c - r. Let w(h) = h**3 - 3*h**2 + h - 2. What is w(c)?
53
Suppose 7*v - 11*v = -24. Let p(q) = -3*q**2 + 10*q - 7. Let i(a) = -2*a**2 + 7*a - 5. Let g(f) = 8*i(f) - 5*p(f). Calculate g(v).
-5
Let y(g) be the second derivative of -g**5/20 - g**4/3 + g**3/6 - g. Suppose -35*s + 3199 = 3304. Calculate y(s).
-12
Let b(q) = -q**3 + 24*q**2 - 22*q - 19. Let w be b(23). Suppose -23 = -w*m - 59. Let o(t) = -t**3 - 9*t**2 + t + 6. Give o(m).
-3
Let c(s) be the first derivative of 4/3*s**3 